ivisor of 16 and 11?
1
What is the greatest common factor of 28 and 38066?
14
What is the greatest common factor of 333 and 9?
9
Calculate the greatest common divisor of 24 and 1624.
8
What is the greatest common divisor of 468 and 36?
36
What is the greatest common factor of 46 and 272?
2
Calculate the highest common divisor of 32 and 344.
8
What is the greatest common factor of 1350 and 162?
54
Calculate the greatest common factor of 140 and 980.
140
Calculate the highest common divisor of 8554 and 376.
94
Calculate the highest common factor of 32 and 400.
16
What is the highest common divisor of 13 and 247?
13
Calculate the greatest common factor of 6 and 8634.
6
Calculate the greatest common factor of 148 and 333.
37
What is the greatest common factor of 506 and 92?
46
Calculate the greatest common factor of 6 and 267.
3
Calculate the greatest common factor of 1845 and 315.
45
What is the highest common divisor of 128 and 184?
8
Calculate the greatest common divisor of 16 and 134160.
16
Calculate the greatest common divisor of 54 and 366.
6
Calculate the highest common divisor of 87 and 7453.
29
Calculate the highest common divisor of 1584 and 252.
36
What is the highest common divisor of 104 and 2665?
13
What is the greatest common divisor of 29 and 667?
29
What is the greatest common divisor of 944 and 5428?
236
What is the highest common factor of 2 and 49?
1
What is the highest common divisor of 6 and 34?
2
What is the greatest common divisor of 129 and 473?
43
What is the greatest common factor of 5 and 10?
5
Calculate the highest common divisor of 43 and 43.
43
What is the highest common divisor of 40 and 4580?
20
Calculate the highest common factor of 174 and 6.
6
What is the greatest common factor of 129 and 86?
43
What is the highest common factor of 80 and 920?
40
Calculate the greatest common divisor of 250 and 80.
10
Calculate the highest common divisor of 156 and 364.
52
Calculate the greatest common factor of 4 and 64.
4
What is the highest common factor of 52 and 2106?
26
Calculate the highest common divisor of 54 and 1350.
54
What is the greatest common divisor of 130 and 6136?
26
Calculate the greatest common divisor of 124 and 124.
124
What is the highest common factor of 1680 and 112?
112
What is the highest common divisor of 1792 and 1152?
128
Calculate the greatest common divisor of 164 and 12874.
82
Calculate the highest common factor of 50 and 10.
10
Calculate the highest common factor of 31 and 8.
1
What is the highest common divisor of 46 and 1035?
23
Calculate the highest common divisor of 144 and 200.
8
Calculate the highest common factor of 122 and 793.
61
Calculate the greatest common divisor of 56 and 8.
8
What is the greatest common factor of 15 and 705?
15
What is the highest common factor of 1209 and 78?
39
Calculate the greatest common factor of 372 and 5828.
124
What is the greatest common divisor of 45 and 390?
15
What is the highest common divisor of 14 and 791?
7
What is the greatest common factor of 259 and 222?
37
Calculate the highest common divisor of 2004 and 192.
12
What is the greatest common factor of 4302 and 72?
18
What is the greatest common factor of 5856 and 96?
96
Calculate the greatest common divisor of 1025 and 123.
41
Calculate the highest common factor of 11 and 16346.
11
Calculate the greatest common factor of 3 and 8451.
3
What is the greatest common factor of 180 and 90?
90
Calculate the highest common divisor of 296 and 2368.
296
What is the highest common factor of 38104 and 44?
44
What is the highest common divisor of 60 and 220?
20
Calculate the highest common factor of 289 and 1.
1
Calculate the greatest common factor of 704 and 132.
44
Calculate the greatest common divisor of 11 and 517.
11
Calculate the greatest common factor of 66 and 2024.
22
What is the greatest common factor of 28 and 896?
28
Calculate the greatest common divisor of 219 and 4088.
73
What is the highest common divisor of 8 and 200?
8
What is the greatest common divisor of 53325 and 225?
225
What is the greatest common factor of 11 and 1441?
11
Calculate the highest common divisor of 1859 and 715.
143
What is the greatest common divisor of 25 and 40?
5
Calculate the highest common factor of 29624 and 56.
56
Calculate the highest common factor of 300 and 2820.
60
Calculate the highest common divisor of 640 and 90.
10
What is the greatest common divisor of 1325 and 159?
53
Calculate the highest common factor of 216 and 20.
4
What is the greatest common factor of 55 and 1903?
11
Calculate the greatest common divisor of 531 and 295.
59
Calculate the greatest common divisor of 208 and 845.
13
What is the greatest common factor of 2414 and 34?
34
What is the highest common divisor of 3 and 147?
3
Calculate the highest common factor of 261 and 58.
29
What is the highest common factor of 3757 and 17?
17
Calculate the greatest common factor of 3768 and 24.
24
What is the greatest common divisor of 68 and 87244?
68
What is the highest common factor of 244 and 183?
61
Calculate the highest common factor of 1848 and 1320.
264
Calculate the greatest common divisor of 51 and 2567.
17
What is the greatest common divisor of 304 and 5624?
152
Calculate the highest common divisor of 528 and 33.
33
What is the highest common divisor of 13776 and 56?
56
Calculate the greatest common divisor of 610 and 80.
10
Calculate the highest common factor of 5056 and 158.
158
What is the greatest common factor of 420 and 100?
20
What is the highest common factor of 44 and 2750?
22
What is the highest common factor of 18 and 8?
2
Calculate the highest common factor of 96 and 48.
48
What is the greatest common divisor of 4033 and 74?
37
Calculate the highest common divisor of 230 and 35.
5
What is the greatest common divisor of 17822 and 266?
266
Calculate the highest common factor of 118 and 4838.
118
What is the greatest common factor of 341 and 110?
11
Calculate the highest common divisor of 29 and 67831.
29
Calculate the greatest common factor of 1287 and 198.
99
What is the highest common divisor of 1113 and 21?
21
What is the highest common factor of 629 and 74?
37
Calculate the highest common factor of 80 and 4240.
80
What is the greatest common divisor of 171 and 144?
9
Calculate the greatest common divisor of 140 and 320.
20
What is the greatest common divisor of 366 and 3538?
122
Calculate the greatest common factor of 32 and 14.
2
What is the highest common divisor of 80 and 6848?
16
What is the highest common divisor of 1573 and 39?
13
Calculate the greatest common factor of 42884 and 142.
142
What is the highest common divisor of 17 and 53142?
17
Calculate the greatest common divisor of 76 and 52.
4
Calculate the greatest common factor of 13 and 689.
13
Calculate the greatest common divisor of 2 and 993.
1
What is the highest common factor of 385 and 70?
35
Calculate the greatest common factor of 6194 and 190.
38
What is the greatest common divisor of 92 and 23?
23
What is the greatest common factor of 624 and 84?
12
What is the highest common factor of 730 and 10?
10
What is the highest common factor of 153 and 3723?
51
What is the highest common factor of 68 and 71026?
34
Calculate the greatest common divisor of 81 and 126.
9
What is the highest common divisor of 86 and 12642?
86
Calculate the greatest common factor of 407 and 121.
11
What is the highest common divisor of 392 and 84?
28
Calculate the greatest common factor of 440 and 16.
8
Calculate the highest common factor of 1615 and 255.
85
What is the highest common divisor of 7527 and 13?
13
What is the greatest common divisor of 372 and 465?
93
Calculate the greatest common factor of 19 and 57.
19
Calculate the highest common factor of 8 and 240.
8
Calculate the greatest common divisor of 14 and 4858.
14
Calculate the greatest common factor of 5 and 25.
5
Calculate the greatest common factor of 81 and 837.
27
Calculate the greatest common factor of 46 and 345.
23
Calculate the greatest common factor of 968 and 616.
88
What is the highest common divisor of 20 and 28?
4
Calculate the highest common divisor of 99 and 275.
11
What is the highest common factor of 4068 and 72?
36
What is the greatest common divisor of 9671 and 19?
19
What is the greatest common divisor